 the hundreds digit of 338909725?
7
What is the ten millions digit of 1235565306?
3
What is the ten millions digit of 944303345?
4
What is the units digit of 2103969949?
9
What is the ten millions digit of 175411470?
7
What is the tens digit of 70304563?
6
What is the ten millions digit of 3969906974?
6
What is the hundreds digit of 16158504?
5
What is the ten millions digit of 687670579?
8
What is the ten thousands digit of 120688895?
8
What is the millions digit of 7067479538?
7
What is the tens digit of 318460619?
1
What is the ten thousands digit of 807630991?
3
What is the hundred millions digit of 1051718587?
0
What is the hundred thousands digit of 103915929?
9
What is the hundreds digit of 47551472?
4
What is the thousands digit of 101603532?
3
What is the tens digit of 80311359?
5
What is the millions digit of 251270970?
1
What is the ten thousands digit of 888982?
8
What is the ten thousands digit of 20950433?
5
What is the billions digit of 9185273653?
9
What is the hundred thousands digit of 255933087?
9
What is the ten millions digit of 10549104?
1
What is the hundreds digit of 1926617052?
0
What is the tens digit of 246505336?
3
What is the ten thousands digit of 185734097?
3
What is the hundreds digit of 46662430?
4
What is the hundreds digit of 7054627222?
2
What is the units digit of 7707110026?
6
What is the ten millions digit of 235449265?
3
What is the units digit of 432974236?
6
What is the tens digit of 876539194?
9
What is the ten thousands digit of 112017976?
1
What is the hundred millions digit of 886130463?
8
What is the ten millions digit of 283881554?
8
What is the hundreds digit of 24210115?
1
What is the thousands digit of 263679314?
9
What is the thousands digit of 186618519?
8
What is the hundreds digit of 84376731?
7
What is the ten thousands digit of 326748125?
4
What is the units digit of 67386066?
6
What is the hundreds digit of 25371731?
7
What is the tens digit of 1529532806?
0
What is the units digit of 12653719?
9
What is the hundreds digit of 420014259?
2
What is the hundreds digit of 27655161?
1
What is the tens digit of 17361597?
9
What is the hundred millions digit of 2167993273?
1
What is the thousands digit of 599110508?
0
What is the hundreds digit of 1836229398?
3
What is the hundred millions digit of 138671445?
1
What is the hundred thousands digit of 106860399?
8
What is the thousands digit of 325124410?
4
What is the ten thousands digit of 274835872?
3
What is the ten millions digit of 285079706?
8
What is the thousands digit of 185546593?
6
What is the ten thousands digit of 32780656?
8
What is the ten thousands digit of 404090080?
9
What is the ten thousands digit of 3473808459?
0
What is the hundreds digit of 7994713199?
1
What is the units digit of 1809232824?
4
What is the thousands digit of 323879418?
9
What is the hundred millions digit of 2225299140?
2
What is the ten millions digit of 18019641?
1
What is the hundred thousands digit of 10650593?
6
What is the thousands digit of 6811918961?
8
What is the units digit of 91292466?
6
What is the ten thousands digit of 25504385?
0
What is the units digit of 594271136?
6
What is the ten millions digit of 48658431?
4
What is the units digit of 2775089350?
0
What is the ten thousands digit of 47232158?
3
What is the hundred millions digit of 313605432?
3
What is the millions digit of 8972975?
8
What is the tens digit of 50368471?
7
What is the ten thousands digit of 2685134045?
3
What is the ten thousands digit of 103337324?
3
What is the hundreds digit of 56767288?
2
What is the tens digit of 67956908?
0
What is the hundred thousands digit of 26067733?
0
What is the thousands digit of 129938690?
8
What is the thousands digit of 362504337?
4
What is the units digit of 5402706759?
9
What is the millions digit of 16615090?
6
What is the ten thousands digit of 3649401825?
0
What is the hundreds digit of 6027754?
7
What is the units digit of 855931940?
0
What is the thousands digit of 3439267797?
7
What is the millions digit of 479959589?
9
What is the hundred millions digit of 917823824?
9
What is the billions digit of 2488530298?
2
What is the ten millions digit of 54086132?
5
What is the thousands digit of 97316579?
6
What is the hundred millions digit of 1166997346?
1
What is the hundred thousands digit of 135308560?
3
What is the units digit of 45119849?
9
What is the ten thousands digit of 372060607?
6
What is the millions digit of 3941943?
3
What is the millions digit of 110016882?
0
What is the thousands digit of 2413016887?
6
What is the ten thousands digit of 935600825?
0
What is the hundred thousands digit of 25013366?
0
What is the hundred thousands digit of 981873952?
8
What is the billions digit of 5810876036?
5
What is the hundred millions digit of 233266119?
2
What is the millions digit of 98205744?
8
What is the ten millions digit of 410924934?
1
What is the ten thousands digit of 39883245?
8
What is the ten thousands digit of 4939181?
3
What is the ten thousands digit of 221213909?
1
What is the thousands digit of 117709410?
9
What is the ten millions digit of 144324564?
4
What is the ten thousands digit of 19192198?
9
What is the hundred thousands digit of 477902131?
9
What is the hundred thousands digit of 43923038?
9
What is the tens digit of 460126374?
7
What is the ten thousands digit of 437670445?
7
What is the hundreds digit of 46811728?
7
What is the ten millions digit of 765118710?
6
What is the thousands digit of 174243969?
3
What is the hundreds digit of 1760079267?
2
What is the hundred millions digit of 4147146260?
1
What is the tens digit of 137842298?
9
What is the hundreds digit of 2997213843?
8
What is the ten thousands digit of 10306440?
0
What is the tens digit of 3348554144?
4
What is the hundred thousands digit of 1208391209?
3
What is the thousands digit of 128272320?
2
What is the tens digit of 40694314?
1
What is the units digit of 253732831?
1
What is the thousands digit of 272497419?
7
What is the hundred millions digit of 103762081?
1
What is the millions digit of 48753313?
8
What is the ten thousands digit of 129947349?
4
What is the ten thousands digit of 156118773?
1
What is the hundreds digit of 1980359872?
8
What is the units digit of 2638261168?
8
What is the units digit of 1562950431?
1
What is the units digit of 101421436?
6
What is the thousands digit of 234298425?
8
What is the units digit of 7676351660?
0
What is the ten thousands digit of 4689054607?
5
What is the hundred millions digit of 625425648?
6
What is the tens digit of 1265674819?
1
What is the units digit of 739085912?
2
What is the thousands digit of 2491180419?
0
What is the hundred thousands digit of 39203675?
2
What is the hundred millions digit of 3581284588?
5
What is the ten thousands digit of 178018085?
1
What is the millions digit of 339181455?
9
What is the hundred millions digit of 1029853742?
0
What is the hundred thousands digit of 47935130?
9
What is the thousands digit of 73818591?
8
What is the units digit of 327752225?
5
What is the hundred thousands digit of 812187654?
1
What is the tens digit of 2404252567?
6
What is the ten millions digit of 40051965?
4
What is the hundreds digit of 97200322?
3
What is the tens digit of 81341789?
8
What is the thousands digit of 7018378?
8
What is the ten millions digit of 276302999?
7
What is the hundred millions digit of 512571111?
5
What is the hundred thousands digit of 28236482?
2
What is the tens digit of 4162693?
9
What is the ten thousands digit of 71364794?
6
What is the ten millions digit of 3026689545?
2
What is the hundred thousands digit of 554005605?
0
What is the units digit of 2455291092?
2
What is the billions digit of 1984278700?
1
What is the hundreds digit of 39722679?
6
What is the hundred millions digit of 7316645077?
3
What is the ten thousands digit of 45470265?
7
What is the tens digit of 762153668?
6
What is the ten thousands digit of 49379486?
7
What is the millions digit of 47605436?
7
What is the millions digit of 200326014?
0
What is the tens digit of 712112349?
4
What is the units digit of 151984074?
4
What is the hundred millions digit of 2219868478?
2
What is the thousands digit of 4032651?
2
What is the hundred thousands digit of 2801017732